99
In base 16, what is 2 + -718?
-716
In base 5, what is 0 + -3?
-3
In base 5, what is 3 + -1?
2
In base 11, what is 0 + -28?
-28
In base 6, what is 331 - 5?
322
In base 7, what is 6 + -15?
-6
In base 16, what is -4 + -d?
-11
In base 15, what is 1851 - 2?
184e
In base 7, what is -2423 - -2?
-2421
In base 9, what is 3 - -184?
187
In base 11, what is 91 + -5?
87
In base 3, what is -111 - -102100?
101212
In base 14, what is 5 - -28?
2d
In base 15, what is d - -18c?
19a
In base 12, what is 4 + -116?
-112
In base 10, what is 33 - 18?
15
In base 16, what is -19 - 70?
-89
In base 14, what is 103 - 4?
dd
In base 11, what is 2 - 4827?
-4825
In base 7, what is 1 + 13?
14
In base 12, what is -b16 + 4?
-b12
In base 3, what is -12 + -11220?
-12002
In base 4, what is 32122 - 2?
32120
In base 16, what is b0 + -3?
ad
In base 9, what is 65 - 174?
-108
In base 4, what is 2323 + 1332?
10321
In base 13, what is 10 + 26?
36
In base 5, what is -3 + -222?
-230
In base 5, what is 12 + 0?
12
In base 4, what is 332 - 2320?
-1322
In base 3, what is -101 + 2210?
2102
In base 7, what is 5 + 20?
25
In base 2, what is 100101 - -1?
100110
In base 2, what is 10011101 + -110?
10010111
In base 2, what is 1111001 + -101?
1110100
In base 3, what is 12 - -11?
100
In base 11, what is 4 + 52?
56
In base 8, what is -3 - -2720?
2715
In base 3, what is 22 - -201?
1000
In base 16, what is -4 - 144?
-148
In base 12, what is 1 + -535?
-534
In base 2, what is 1001011110 - 10?
1001011100
In base 11, what is 73 - 2?
71
In base 6, what is -114 - 0?
-114
In base 11, what is -152 - 0?
-152
In base 12, what is -113b + 2?
-1139
In base 16, what is 19 - 1?
18
In base 7, what is 1 - 125?
-124
In base 13, what is -1 + 60?
5c
In base 5, what is 2 + -1?
1
In base 12, what is -552 - -1b?
-533
In base 10, what is 3 - 36?
-33
In base 12, what is -2 - -699?
697
In base 2, what is -1100 - -101000101?
100111001
In base 13, what is -c - -81?
72
In base 2, what is -101001010 - 10?
-101001100
In base 3, what is 222 - 12?
210
In base 8, what is 2322 + -5?
2315
In base 10, what is -1219 + -5?
-1224
In base 16, what is -6c4d - 5?
-6c52
In base 6, what is -2452 - -3?
-2445
In base 3, what is 10 + -1110?
-1100
In base 9, what is 0 + 106?
106
In base 8, what is -46 + 13?
-33
In base 3, what is -202000 - -22?
-201201
In base 15, what is 8 + 14?
1c
In base 6, what is -104 - 30?
-134
In base 9, what is 21 + -13?
7
In base 15, what is 3 + -2e?
-2b
In base 16, what is -d - -2?
-b
In base 9, what is -2 + -2063?
-2065
In base 6, what is 4 - 15135?
-15131
In base 10, what is -43 + -296?
-339
In base 16, what is 3 - 3ce?
-3cb
In base 5, what is -123323 + 10?
-123313
In base 15, what is 26 + -16d?
-147
In base 8, what is 3 + 251?
254
In base 4, what is 1311 - -30?
2001
In base 11, what is 4 - 99a?
-996
In base 12, what is -74 - -3?
-71
In base 9, what is -2 + -281?
-283
In base 12, what is 186a - -5?
1873
In base 7, what is 161 - 4?
154
In base 13, what is -32 + -192?
-1c4
In base 15, what is -34 + -10?
-44
In base 4, what is 2 - -13022?
13030
In base 2, what is 101110 + 100?
110010
In base 12, what is -b11 - 5?
-b16
In base 11, what is -2 + 729?
727
In base 14, what is -9 + -27?
-32
In base 9, what is 2 + -1156?
-1154
In base 6, what is 22 - 2313?
-2251
In base 4, what is 103301 + -1?
103300
In base 14, what is -318 - 8?
-322
In base 8, what is -7 - 16?
-25
In base 13, what is 5 + 1210?
1215
In base 4, what is 1101 - -101?
1202
In base 7, what is -1 + 306?
305
In base 15, what is 8b - 2?
89
In base 6, what is -150 + 5?
-141
In base 2, what is 1000 - 10110?
-1110
In base 5, what is 1 + 403?
404
In base 9, what is -22 + -51?
-73
In base 15, what is 1c - 795?
-778
In base 4, what is 33 + -22?
11
In base 5, what is 1221 - 2?
1214
In base 10, what is 137 + 35?
172
In base 10, what is -593 - -6?
-587
In base 11, what is 4 + -1a?
-16
In base 3, what is -10201 - 10?
-10211
In base 6, what is 22 - 15?
3
In base 14, what is -5 + 3?
-2
In base 7, what is -662 - 1?
-663
In base 8, what is -60 + -161?
-241
In base 11, what is 80 - -5?
85
In base 5, what is -20 - 31?
-101
In base 12, what is 1 + -bb7?
-bb6
In base 15, what is 2 + 6a?
6c
In base 3, what is -20100 + -11?
-20111
In base 16, what is -56 + 2?
-54
In base 3, what is 2212 - 12?
2200
In base 4, what is 1302130 - 11?
1302113
In base 13, what is 42 - 7?
38
In base 16, what is -1 + 25b?
25a
In base 8, what is 55 - 110?
-33
In base 10, what is 28 - 2?
26
In base 10, what is -134 - 206?
-340
In base 10, what is 70 - -5?
75
In base 9, what is -57 + -45?
-113
In base 16, what is 6 - -23?
29
In base 9, what is -3 - 50?
-53
In base 4, what is -22 - -1233?
1211
In base 11, what is 5 - 89?
-84
In base 10, what is -6 - 18?
-24
In base 13, what is -48 + 5?
-43
In base 16, what is 2 + 2?
4
In base 13, what is 79 - 47?
32
In base 9, what is 3 - 123?
-120
In base 2, what is -1110100011000 - -100?
-1110100010100
In base 13, what is -3 - -68b?
688
In base 7, what is 3 - -3?
6
In base 9, what is 2 - -48?
51
In base 16, what is 4 + -1e0?
-1dc
In base 11, what is -42 + -4?
-46
In base 14, what is 4 + 100?
104
In base 5, what is -11 + -3?
-14
In base 16, what is 2 - -17c?
17e
In base 6, what is -22 - -12?
-10
In base 12, what is 2 - 268b?
-2689
In base 9, what is 686 + 2?
688
In base 9, what is -2 + 357?
355
In base 2, what is -1001110 - 11001?
-1100111
In base 9, what is -5 + 388?
383
In base 6, what is 245 - 2?
243
In base 11, what is 2 + -2?
0
In base 10, what is 18 + -26?
-8
In base 12, what is 5 - 229?
-224
In base 13, what is 1b - 82?
-64
In base 4, what is -2 + -20213?
-20221
In base 15, what is 17 - -22?
39
In base 4, what is -230110 - -2?
-230102
In base 13, what is -872 + -b?
-880
In base 13, what is 123 + 16?
139
In base 8, what is 22 - 16?
4
In base 12, what is 3 - -4228?
422b
In base 14, what is -3 - -175?
172
In base 7, what is 6 + -2254?
-2245
In base 16, what is 3b + -36?
5
In base 16, what is -185 + 8?
-17d
In base 13, what is 4 - 2482?
-247b
In base 5, what is 2 + 2431?
2433
In base 13, what is -4 + 123?
11c
In base 6, what is -44 + -4?
-52
In base 16, what is 31 - -17?
48
In base 5, what is -122 - 3?
-130
In base 6, what is -121 + -3?
-124
In base 15, what is 2 - -206?
208
In base 14, what is 10 + -12?
-2
In base 11, what is 0 - 262?
-262
In base 12, what is -117 + 9?
-10a
In base 4, what is 202010 + 13?
202023
In base 8, what is -1566 + -2?
-1570
In base 16, what is 57 + -73?
-1c
In base 3, what is -20200 - -2?
-20121
In base 2, what is -1000 - 100001110100?
-100001111100
In base 13, what is -15b32 + -1?
-15b33
In base 2, what is -10 + 110010111?
110010101
In base 8, what is 14 + 370?
404
In base 3, what is 12212001 + -2?
12211222
In base 2, what is 1 + -1000100?
-1000011
In base 7, what is 42 + -6?
33
In base 12, what is 3 - 74?
-71
In base 11, what is -5 - 1a?
-24
In base 5, what is -131 - -42?
-34
In base 11, what is 5 + 1190?
1195
In base 10, what is 13 + 8?
21
In base 15, what is 789 + 4?
78d
In base 14, what is -500 - 2?
-502
In base 6, what is 2 - 23224?
-23222
In base 10, what is 70 - -20?
90
In base 2, what is 110100 - -101?
111001
In base 15, what is 2534 - 2?
2532
In base 11, what is -1 + 548?
547
In base 11, what is -4 + 147?
143
In base 14, what is 680 + -7?
677
In base 4, what is -3 - -21322?
21313
In base 5, what is -40 + -3?
-43
In base 5, what is 120 + -3?
112
In base 7, what is -1100 - -2?
-1065
In base 16, what is 4a - -3?
4d
In base 14, what is -4 - -c4?
c0
In base 6, what is 20 + 10?
30
In base 7, what is 2022 + 43?
2065
In base 8, what is 20 + 353?
373
In base 13, what is 78 + 70?
118
In base 10, what is -9434 - 4?
-9438
In base 6, what is -253 + -1?
-254
In base 11, what is 15054 + 2?
15056
In base 10, what is 423 - 5?
418
In base 5, what is -13440 + 4?
-13431
In base 7, what is 2562 + 3?
2565
In base 6, what is -52 + -3?
-55
In base 4, what is -211313 - 0?
-211313
In base 4, what is 2112 + -13?
2033
In base 9, what is -3 - -2362?
2358
In base 12, what is 17 + 1277?
1292
In base 14, what is -2c7a + -2?
-2c7c
In base 10, what is -364 - 1?
-365
In base 4, what is 1201 + 320?
2121
In base 8, what is -12740 - 3?
-12743
In base 16, what is -1141 + -5?
-1146
In base 16, what is -79 - 2a?
-a3
In base 5, what is 31 + 11222?
11303
In base 10, what is -46 + 29?
-1